mmon divisor of 112 and r?
16
Suppose 0 = -3*l + 9, 5*u - 5*l + 6*l = 198. Suppose 0 = -2*a + u + 15. What is the greatest common factor of a and 27?
27
Suppose -3*r + 6*r = 63. Let v = -211 + 331. Suppose 5*p - v = -5*k, -5*p - 83 = -4*k - 14. What is the greatest common factor of r and k?
21
Let p(n) = 2*n**2 + 16*n - 21. Let z be p(-10). Calculate the greatest common divisor of z and 57.
19
Suppose d - 10 = q, -52 = -5*d - q + 4*q. Let c be (-102)/(-4) - d/(-22). What is the highest common divisor of c and 39?
13
Let q = 1 - -4. Calculate the greatest common factor of 10 and q.
5
Suppose 720 = 3*l + 153. Calculate the greatest common divisor of 27 and l.
27
Let v be (-162)/8*(-80)/30. What is the highest common factor of v and 135?
27
Let z be (-1)/(-3) + 30/18. Suppose 0 = -z*m - 0*m + 80. What is the greatest common divisor of 5 and m?
5
Let y be (2 + -4)/(1/(-33)). Calculate the greatest common divisor of y and 6.
6
Suppose 0 = 4*y - 1 + 21. Let f = 0 - y. What is the highest common factor of 40 and f?
5
Let g = 163 + -7. Let i = 9 + -3. Let m be g/21 + i/(-14). Calculate the highest common divisor of m and 7.
7
Let w be (-6)/15 + 66/(-10). Let o(b) = b**3 + 8*b**2 + 4*b - 6. Let c be o(w). Calculate the greatest common factor of c and 75.
15
Suppose 0 = 9*d - 34 - 83. Calculate the greatest common divisor of 65 and d.
13
Suppose -4*c + p + 425 = 0, -4*c + p + 440 = -3*p. Suppose 0 = 4*o - 41 - 19. Calculate the highest common divisor of c and o.
15
Let a(c) = c**3 + 2*c**2 - 5*c - 3. Let n be a(4). Suppose -n = -4*z + 47. Calculate the greatest common factor of z and 75.
15
Let w = 25 + -7. Let m be (-3)/(-4)*(1 - -23). Suppose 0*y + m = y. What is the greatest common divisor of w and y?
18
Let c = 0 + 9. Let z = c + 6. Calculate the greatest common factor of z and 30.
15
Let v be ((-4)/(-1 + -1))/6*27. Calculate the highest common factor of 6 and v.
3
Let t be 16 + (0 - 0 - 0). Let q be 2*-5*(-3)/2. Let k = q - -49. What is the highest common divisor of k and t?
16
Let o be -6 + 7 + (-472)/(-2). Suppose 4*c + o - 41 = 0. Let q = c + 85. What is the greatest common factor of 54 and q?
18
Let a(g) = g + 13. Let l be a(7). Calculate the highest common factor of 80 and l.
20
Suppose 136 = -2*s + 488. What is the greatest common divisor of s and 16?
16
Let j be 2*2 + ((-30)/(-6))/(-5). Calculate the highest common factor of 39 and j.
3
Suppose -7*l = -6*l - 248. Calculate the greatest common factor of l and 31.
31
Suppose 0 = -4*x + 1 + 31. Let o(p) = 7*p**2 + 4*p + 4. Let n be o(-2). What is the highest common factor of n and x?
8
Let o be (-3)/(-2*2/52). Suppose -93 = -k + o. Suppose -g + 68 = 3*g - 5*r, 44 = 2*g - 5*r. What is the greatest common divisor of k and g?
12
Suppose x + 25 = 2*q, 5 = -0*q + 2*q - 5*x. Suppose -2*z + z + 30 = 0. Let v = q + z. Calculate the highest common divisor of 5 and v.
5
Suppose 143*z - 8 = 141*z. What is the greatest common divisor of 6 and z?
2
Let z = 17 + 25. Let g be -1 + 1/1 + 6. Calculate the greatest common divisor of g and z.
6
Suppose 2*s + 2*v - 8 = v, s - 4*v = 4. Suppose -5*u + 4 = -y + 18, 2*y + s*u = 0. What is the greatest common divisor of y and 8?
4
Let w be (-72)/8*(-1 - 0). Let k be -3*(1 - -2)*-1. What is the greatest common factor of w and k?
9
Suppose 3*w - 96 + 9 = 0. What is the highest common divisor of 232 and w?
29
Suppose o - 5*x + 11 - 25 = 0, -3*o + 14 = -x. Suppose 3*p + j - 20 = -j, p - o*j - 30 = 0. What is the highest common divisor of 15 and p?
5
Let o be 3/(-3)*(-137 + 3). Let x = -82 + o. Calculate the greatest common divisor of 13 and x.
13
Let q(g) = -g**3 - 2*g**2 - 3*g - 1. Let r be q(-2). Let c be 1*(31 - -2 - 3). Calculate the highest common divisor of r and c.
5
Let i be (-394)/(3 - 5/1) - -3. Calculate the highest common divisor of i and 25.
25
Let n(w) = -3*w - 5. Let h be n(-7). Let r = 10 + -8. Calculate the greatest common divisor of r and h.
2
Let u(f) = f**3 - 6*f**2 + 7*f + 1. Let p be u(5). What is the highest common factor of 11 and p?
11
Let x = -37 + 67. What is the highest common divisor of x and 30?
30
Suppose 3*i - 11 = 2*i. Suppose 10*z - 159 + 49 = 0. What is the highest common factor of z and i?
11
Let c(y) = -5*y - 3. Let s be c(-5). Suppose 4*m + 116 - s = 2*i, 3*i - m - 151 = 0. Let l = 25 + -8. Calculate the highest common factor of i and l.
17
Let x = 38 - 19. Calculate the highest common divisor of x and 95.
19
Let x = 93 + -92. Calculate the highest common factor of 3 and x.
1
Let g(u) = -u**3 - 4*u**2 + 6*u + 6. Suppose 4 + 4 = -2*a. Let o be g(a). Let w = 48 + o. What is the highest common factor of 20 and w?
10
Suppose -16*n + 136 = -88. What is the highest common divisor of 98 and n?
14
Let b(d) = 4*d + 2. Let o be 1 + 1 - (-3 - -2). Let r be b(o). Suppose 3*w + r = 5*w. Calculate the greatest common factor of 1 and w.
1
Let k = 11 - 17. Let n be (24/k)/(1/(-2)). What is the highest common divisor of n and 32?
8
Let b be (-21)/2*(-20)/2. Calculate the highest common factor of b and 21.
21
Let o be 76/6 + 4/(-6). Suppose -397 - 493 = -5*h. Suppose -146 = -3*t + h. Calculate the highest common divisor of o and t.
12
Let a be (-13)/(-5) - (-2)/5. Suppose 0 = a*u - 14 - 1. What is the highest common divisor of u and 5?
5
Let b(s) = s - 1. Let w be b(0). Let l be w + (1 + 24)*1. Let r be (5/(-4))/((-2)/l). What is the highest common divisor of r and 135?
15
Let q(g) = g**2 + 17*g + 22. Let a be q(-17). Calculate the highest common divisor of 176 and a.
22
Suppose r + 2*b = 9 - 2, 4*r - 2*b = -2. Let d be r + (2 + 1 - 2). Let v be 33 - 11 - (4 - 0). Calculate the highest common divisor of v and d.
2
Let z be (-8)/10*((-18)/(-6) + -213). Calculate the highest common divisor of 28 and z.
28
Let n be (-21)/(-4)*(-12)/(-3). Suppose -2*j = 5*q - 5, j + q - 3*q - 7 = 0. Suppose n + 54 = j*w. What is the highest common divisor of 75 and w?
15
Let t be 98/8 - (-2)/(-8). Suppose j + 4*j = 420. Calculate the greatest common factor of j and t.
12
Let o = 4 - -11. What is the highest common divisor of 15 and o?
15
Let d(j) = j**3 - 13*j**2 - 8*j + 4. Let f be d(14). Calculate the highest common divisor of 8 and f.
8
Suppose -2*q = -2*d - 16, 3*d = -4*q + 6*d + 36. What is the greatest common divisor of 132 and q?
12
Suppose 4*c + 0*v = -2*v, -4 = v. Suppose -37 = -3*m + 5*u + 26, 55 = c*m + u. Calculate the highest common factor of 208 and m.
26
Let g be 52 + 0 - 1 - 2. Let u be 7 + -1 - 6/(-6). What is the greatest common factor of g and u?
7
Suppose 81 - 21 = 5*x. Let h be 4/18 + (-356)/(-18). Suppose -d + h = 4*d. Calculate the greatest common factor of d and x.
4
Suppose -5*q + 73 = 3*j, 3*q - 2*q = -5*j + 107. Let p be 220/14 - (-6)/j. Let l be 1/3 + 20/12. What is the greatest common factor of p and l?
2
Let i = 112 - 64. Suppose 58*x - 56*x = 24. Calculate the highest common factor of i and x.
12
Let c = -6 - -15. Let k = 84 + 15. What is the greatest common factor of c and k?
9
Let r = 6 - -4. Suppose 6 = n - r. Calculate the highest common divisor of 8 and n.
8
Let w(g) = -3*g + 1. Let p be w(-5). Suppose -4*q + 22 = 5*h, -2*q - 2*h + p = 3*h. Suppose q*i - 2*i - 12 = 0. What is the greatest common factor of i and 132?
12
Let m = -2 - -9. Let z(r) = -r**3 + 4*r**2 - 2*r + 4. Let j be z(3). What is the highest common factor of j and m?
7
Let p = 18 - 25. Let d = 14 + p. What is the highest common factor of 14 and d?
7
Let t be 5 + -8 + -1 + 17. Let b be (t/39)/((-1)/(-36)). What is the greatest common divisor of 48 and b?
12
Let h = -18 + 114. What is the highest common divisor of 24 and h?
24
Suppose 0*f + 4*k = -f + 49, -2*k = -5*f + 223. Calculate the highest common factor of f and 18.
9
Suppose 4*t = -4*r + 44, -3*t + 5*r + 30 + 11 = 0. Suppose 0 = -5*q + 9 + 1. Let l be q + 216/2 - 2. What is the greatest common factor of l and t?
12
Suppose 0 = -2*h + 2*l, 2 = -h - 3*h + 5*l. What is the highest common factor of h and 5?
1
Let d = -9 + 14. Suppose -5*x = -3*q - 141, -127 = -d*x - 3*q - q. Let v = 10 - 1. Calculate the highest common divisor of x and v.
9
Suppose 33 - 29 = r. What is the greatest common factor of 20 and r?
4
Suppose s - 6*s + z = -30, 24 = 4*s + 2*z. Calculate the greatest common factor of s and 1.
1
Let w be 1/((-1